mber?
False
Let d = -24 - -28. Let k(a) = -a**3 - a**2. Let l(h) = 6*h**3 + 5*h**2 - 3*h + 7. Let f(v) = 3*k(v) + l(v). Is f(d) a prime number?
False
Let o(s) = -2*s. Let f(u) = 3437*u + 157. Let g(y) = -f(y) - 6*o(y). Is g(-6) a composite number?
False
Let g be (14 - 17)/((-6)/(-10)). Let l(f) = -207*f + 21. Let v be l(g). Let y = -379 + v. Is y a prime number?
True
Let g = 379 + -370. Suppose g*j - 15*j = -48810. Is j a prime number?
False
Let i be (18 - 2/2)*(7 + -6). Let k(r) = -r**2 + 16*r + 34. Let s be k(i). Suppose s*j - 50824 = 9*j. Is j a prime number?
True
Let g = 683693 - 332788. Is g composite?
True
Let z(k) = 52*k**2 + 3*k + 5. Let p(h) = -5*h + 11. Let b be p(3). Let c be z(b). Let d = c - 499. Is d a composite number?
True
Let m(w) = -w**2 - 28*w + 70. Let o be m(-27). Let p = o + -93. Suppose p*k - 1223 = -j - 0*j, 3*k = 5*j - 6138. Is j a composite number?
True
Let p(d) = -6*d**3 + 12*d**2 + d - 3. Let q(i) = i**3 + i**2 + 1. Let r(c) = -p(c) + 2*q(c). Is r(8) a prime number?
False
Suppose -3*g + 0*g = -3219. Let f(n) = 1551*n**2 - 4*n + 7. Let l be f(1). Let y = l - g. Is y a prime number?
False
Let d = 15 + -11. Let x be (-1103)/(-3) - 158/237. Suppose 0 = -2*n - 3*j + x, -5*n - d*j + 693 = -242. Is n composite?
False
Suppose 216*u = 205*u + 930919. Is u composite?
False
Suppose -3*r - 4*r = 0. Suppose 0 = -3*l - h - 20, r = -l - h - 7 - 3. Let f(y) = -327*y + 20. Is f(l) a prime number?
False
Let l = 4 + 0. Suppose l*z = -2*v + 14, -v + 7 = -4*z + z. Suppose -3*m = -v*m + 748. Is m a composite number?
True
Let t = 59 - 39. Suppose 260 = -24*z + t*z. Let l = z - -116. Is l composite?
True
Let l(n) = -10272*n + 965. Is l(-19) a composite number?
True
Let v(u) = -9*u + 81. Let q be v(7). Suppose 0 = c - q*b + 14*b - 8089, -5*c + 40413 = -4*b. Is c composite?
False
Let b(s) = 853*s**2 + 15*s + 12. Let w be b(-6). Suppose 0 = -16*l + w + 44010. Let k = 8024 - l. Is k prime?
True
Suppose 17*b + 9837234 = -5*b. Is 4/(-3) - b/81 a composite number?
False
Suppose -3*t - 1398*a + 4646031 = -1401*a, -3*t = -5*a - 4646043. Is t a prime number?
False
Let c(u) = u**3 - 5*u**2 + 3*u - 6. Let m be c(5). Suppose 0 = -m*t + 5*t + 680. Suppose -3*z = -t - 1777. Is z composite?
True
Let q = 244 - 239. Suppose -5*v - 5624 = -q*c + 8041, -3*v - 12 = 0. Is c a composite number?
False
Suppose 252 = 3*c + y, -3*c = -4*y - y - 252. Suppose -3*l + 2 = -2*l. Suppose 0 = -l*n + c + 134. Is n a prime number?
True
Suppose 29 = 3*n - 4*k - 88, -2*k = -6. Let j = 48 - n. Suppose -4*b = 12, -j*x + b + 8702 = 2*b. Is x composite?
False
Let m(u) = 587*u**2 - u + 1. Let k(c) = -c**3 + 7*c**2 - 6*c + 2. Let z be k(6). Let d be z/3*(-33)/(-22). Is m(d) prime?
True
Let m = 65879 + -23238. Is m a composite number?
False
Let j = 114125 + 804. Is j prime?
False
Let c(p) = p**2 + 274*p + 48163. Is c(0) prime?
True
Suppose -740*b + 754*b - 411698 = 0. Is b composite?
True
Let j(h) = h**2 - 9*h + 17. Let x be j(10). Suppose -5 = -4*p + x. Is 2970/p + (-14)/56 prime?
False
Suppose 720 = -0*o + 4*o. Let d = o + 1134. Suppose -4*j - 150 + d = 0. Is j composite?
True
Let j be ((-6)/8)/(((-42)/192)/7). Suppose j*d = 28*d - 34868. Is d a prime number?
False
Is (-2)/4 + ((-1517527)/(-42) - (-2)/(-21)) composite?
False
Let k = 8 - 3. Let h(l) = 178*l - 11. Let f(d) = 177*d - 10. Let u(z) = 4*f(z) - 3*h(z). Is u(k) prime?
True
Suppose -4*x = -3*u - 24, 0 = x + 2*x - 4*u - 11. Suppose -5*w - 6 - x = -5*t, -3*t - 3*w = 3. Suppose -3*l - 3*m = -4008, -m - t = -0. Is l composite?
True
Let n be (-4)/30 - -3196*(-4)/(-30). Let b = n - -527. Is b composite?
False
Suppose -58*n + 1455066 = -55*n + 3*z, -5*n = 3*z - 2425108. Is n composite?
False
Let q be (-186 - 33)/((-1)/(14/3)). Let c = 2051 + q. Is c a composite number?
True
Let b(v) = -13*v**2 - 2*v - 1. Let o be b(-1). Let a be 3/o - 442/(-8). Suppose -r + a = -1422. Is r composite?
True
Suppose o + 2*o + 3 = 0. Let p = 5 + o. Suppose p*m - 3*m = 131. Is m composite?
False
Suppose -2*h - 5*u + 262013 = 0, -160*h + 163*h - 393028 = u. Is h prime?
True
Let c be 118587/(-28) + (-18)/24. Let s = 10793 + c. Is s a composite number?
True
Suppose o - 18*o = 27*o - 37863452. Is o prime?
True
Suppose -116*q = -120*q - 12. Is (q + 472/(-12))*-3 a composite number?
False
Suppose -5*y - 60227 + 1026517 = 5*x, 0 = 4*y - 5*x - 772987. Is y a composite number?
True
Suppose 10 = 3*k + 4*m, 2*k - 4*m = -0*m. Suppose -3*u + 7*v - k*v + 23 = 0, -16 = -4*u + 3*v. Is u - 5 - (-2 + -39) prime?
True
Is 60905531/226*4/2 a prime number?
True
Suppose 2523 = 3*n - 2*l - 3*l, 2*n - 5*l = 1692. Is n a prime number?
False
Let a be (-7)/28 - 420/(-16). Let f(o) = 13*o**2 - 127*o - 21. Is f(a) a composite number?
True
Suppose 71 - 17 = 9*h. Suppose 17892 = 3*j - h*v + 11*v, -2*v - 23882 = -4*j. Is j prime?
False
Suppose -2*o - 2359 = -o. Let z = o + 3546. Is z a prime number?
True
Let s = -289482 + 639763. Is s composite?
False
Suppose 0*t - 5*t = -2*p - 23, 5*p + t - 10 = 0. Let s(o) = -1487*o**3 + o. Let z be s(p). Is 1/(z/(-742) - 2) composite?
True
Suppose 114*w - 28546079 = 44873344 + 5361759. Is w a composite number?
False
Let z(s) = -3595*s**3 + 6*s**2 - 98*s - 379. Is z(-4) composite?
False
Let f(o) = -2*o**3 + 16*o**2 + 2*o - 9. Let n be f(8). Suppose -4*p - n = 9, 0 = -5*j + 3*p + 967. Is j a prime number?
True
Let z = -112 + 112. Suppose -10*s - 97 + 10787 = z. Is s prime?
True
Let w(y) = y**2 - 2*y + 11862. Let u be w(0). Let k = -734 + -6293. Let s = u + k. Is s prime?
False
Suppose -19*v - 239145 = -364979 - 1008257. Is v a prime number?
False
Suppose -3*k = -5*q + 24, -4*k + 4*q - 3 - 21 = 0. Is (-10133)/((-36)/27 + k/(-9)) prime?
True
Suppose -25 = -5*t, -z + 2*z = -4*t + 26. Suppose -3*l + 4966 = -m, -2*l - 3*m = -z*l + 6618. Let s = 3893 - l. Is s prime?
True
Suppose 0 = 2*i - 2*n + 14000, -2*i - 27997 = 2*i - n. Let j = i + 11134. Let m = j - 2288. Is m composite?
False
Suppose 4*z + i - 76 = 0, z - 3*i - 11 = -5. Suppose -z*m + 4220 = -3250. Is m a composite number?
True
Is (-2)/(-3)*4971*(-4)/(-8) composite?
False
Suppose -4*t - 40 = -260. Suppose -19 = -4*z - t. Let x(o) = -o**3 + 6*o**2 + 4*o - 14. Is x(z) prime?
False
Let f(q) = q**3 - q + 1. Let w be f(1). Let b(p) = -p**2. Let u(z) = 212*z**3 - 6*z**2. Let l(h) = w*u(h) - 5*b(h). Is l(1) prime?
True
Let h = 34376 - 53939. Let k = -13826 - h. Is k a prime number?
True
Is 7/(-4) - -1 - ((-15854896)/64 - 7) composite?
False
Let h(w) = w**2 + 4*w - 11. Let k be (18 + -10)*3/(-4). Let d be h(k). Is (30 + 29)/(d - 0) a composite number?
False
Suppose 101214 = 15*v - 423501. Is v a prime number?
True
Let b = 157325 - 106524. Is b composite?
True
Let i = 158 - 153. Suppose 16870 = i*z + 7*o - 4*o, 2*z - 6717 = 5*o. Is z composite?
False
Let r(f) = -5*f + 27. Let o be r(5). Suppose -t = w + 2*t - 3, -o*t - 6 = -2*w. Is 2/(-1) - (-1 - 1748)/w a prime number?
False
Let g = -2853 + 3668. Is g prime?
False
Is (-15)/(450/(-255))*7978 a prime number?
False
Let j be (6 + -9)*(1 + -2). Let c(i) = 3*i. Let u be c(j). Let n(x) = 6*x - 1. Is n(u) a composite number?
False
Let b(j) = -4*j**2 + 6*j - 5. Let c be b(4). Let q be 21/2*(-16620)/c. Suppose -2*k + d + q = -4*d, -8 = -2*d. Is k composite?
False
Let x = 32 + -37. Let k(w) = 70*w**2 - 5*w - 12. Let n be k(x). Suppose 0 = 4*h - 3*g + 2*g - 1424, 0 = -5*h - 3*g + n. Is h composite?
True
Let v(i) = 48*i**3 + i**2 - i. Let w be v(1). Let f = 635 - w. Is f a prime number?
True
Suppose -2188741 = -95*q + 2476044. Is q a prime number?
True
Let r = 1589533 + -166646. Is r prime?
False
Suppose 1959676 = 33*b - 2886239 - 35412. Is b a prime number?
True
Suppose -1447 + 1453 = -2*x. Is (-4 - -474) + (x - 0) a prime number?
True
Let g(c) = 179*c - 5. Suppose 0 = 5*v + 5*l, -4*v = -v - 2*l - 10. Let p be g(v). Suppose -p = -3*j + 11140. Is j a composite number?
True
Let x be (-26)/117 + (-589946)/(-63). Let u = x + -4265. Is u a prime number?
True
Let f(g) = -2*g**2 + g + 1. Let o be f(0). Let j be 2610/(1/o) + -4. Suppose -3*n - n = -5*i - j, 4*n + 4*i = 2588. Is n prime?
False
Let h(l) = -17*l**2 - 11*l - 11. Let d be h(6). Let v = d - -3823. Is v composite?
True
Let x = -22332 - -44768. Let m = 33405 - x. Is m a prime number?
False
Let u be (-652)/(-18) 